{"id":1223,"date":"2023-01-16T12:28:26","date_gmt":"2023-01-16T12:28:26","guid":{"rendered":"https:\/\/anima-care.fr\/?page_id=1223"},"modified":"2026-02-13T15:42:37","modified_gmt":"2026-02-13T14:42:37","slug":"anima-care-et-ses-equipes","status":"publish","type":"page","link":"https:\/\/anima-care.fr\/veterinaire\/qui-sommes-nous\/anima-care-et-ses-equipes\/","title":{"rendered":"L\u2019entreprise et l\u2019\u00e9quipe"},"content":{"rendered":"    <section class=\"d-none d-sm-block\" title=\"\">\n        <div class=\"header--paralax\">\n            <div class=\"banner__container\">\n                <div class=\"banner__container--information\">\n                                                        <\/div>\n                <div class=\"d-none d-sm-block\">\n                    <svg width=\"1440\" height=\"540\" viewBox=\"0 0 1440 540\" fill=\"none\" xmlns=\"http:\/\/www.w3.org\/2000\/svg\"\n                         style=\"height: 100%; width: 100%;\">\n                        <path d=\"M1440 237.182V495.643C1419.98 484.699 1398.98 474.428 1376.89 464.99C1173.35 377.98 924.631 380.781 637.646 473.307C341.312 568.858 139.894 538.501 31.6642 522.222C20.4534 520.543 9.75398 519.117 0 518.017V0H1440V237.182Z\"\n                              fill=\"url(#breadcrumb)\"\/>\n                        <defs>\n                            <pattern id=\"breadcrumb\" patternUnits=\"userSpaceOnUse\" width=\"100%\" height=\"100%\">\n                                <image href=\"https:\/\/anima-care.fr\/app\/uploads\/sites\/2\/2024\/01\/Equipe-Damazan-1440x540.jpg\"\n                                       x=\"0\"\n                                       y=\"0\" width=\"100%\" height=\"100%\"\/>\n                            <\/pattern>\n                        <\/defs>\n                    <\/svg>\n                <\/div>\n                <div class=\"d-sm-none\">\n                    <svg width=\"320\" height=\"258\" viewBox=\"0 0 320 258\" fill=\"none\" xmlns=\"http:\/\/www.w3.org\/2000\/svg\"\n                         style=\"height: 100%; width: 100%;\">\n                        <defs>\n                            <pattern id=\"img1\" patternUnits=\"userSpaceOnUse\" width=\"100%\" height=\"100%\">\n                                <image href=\"https:\/\/anima-care.fr\/app\/uploads\/sites\/2\/2024\/01\/Equipe-Damazan-640x516.jpg\"\n                                       x=\"0\" y=\"0\" width=\"100%\" height=\"100%\"\/>\n                            <\/pattern>\n                        <\/defs>\n                        <path d=\"M320 196.892V249.049C315.551 246.84 310.884 244.768 305.976 242.863C260.745 225.305 205.474 225.87 141.699 244.541C75.8471 263.823 31.0875 257.697 7.0365 254.412C4.54521 254.074 2.16755 253.786 0 253.564V0H320V196.892Z\"\n                              fill=\"url(#img1)\"\/>\n                    <\/svg>\n                <\/div>\n                <section class=\"breadcrumb__container breadcrumb__mobile\"><div class=\"breadcrumb\" aria-label=\"Breadcrumb\"><i class=\"fa-duotone fa-inverse fa-house-blank\"><\/i><\/ol><\/section>            <\/div>\n        <\/div>\n    <\/section> \n\n<section class=\"hide__mobile-header breadcrumb__container\"><div class=\"breadcrumb\" aria-label=\"Breadcrumb\"><i class=\"fa-duotone fa-inverse fa-house-blank\"><\/i><\/ol><\/section>\n\n<section class='container sca-stepper__container   sca-header__b2b'><svg\r\n                    width=\"1440\" height=\"540\"\r\n                    viewBox=\"0 0 1440 540\"\r\n                    fill=\"none\" preserveAspectRatio=\"none\"\r\n                    xmlns=\"http:\/\/www.w3.org\/2000\/svg\"\r\n                    class=\"svg\"\r\n                    style=\"width: 100%;\">\r\n                <path\r\n                    d=\"M1440 237.182V495.643C1419.98 484.699 1398.98 474.428 1376.89 464.99C1173.35 377.98 924.631 380.781 637.646 473.307C341.312 568.858 139.894 538.501 31.6642 522.222C20.4534 520.543 9.75398 519.117 0 518.017V0H1440V237.182Z\"\r\n                    fill=\"url(#stepper-header)\"\r\n                \/>\r\n                <defs>\r\n                    <pattern id=\"stepper-header\" patternUnits=\"userSpaceOnUse\" width=\"100%\" height=\"100%\">\r\n                        <image href=\"https:\/\/anima-care.fr\/app\/uploads\/sites\/2\/2023\/01\/femme_vivre_lapres-1-1440x540.jpg\" x=\"0\" y=\"0\" \/>\r\n                    <\/pattern>\r\n                <\/defs>\r\n            <\/svg><section class=\"breadcrumb__container breadcrumb__mobile\"><div class=\"breadcrumb\" aria-label=\"Breadcrumb\"><i class=\"fa-duotone fa-inverse fa-house-blank\"><\/i><\/ol><\/section><ol class='sca-stepper js-stepper'><li class='sca-stepper__item js-stepper-item active' id=''><a href='#' ><span class='icon'><img src='https:\/\/anima-care.fr\/app\/uploads\/sites\/2\/2023\/01\/LOGO-ANIMACARE-def-06logo-mobile.png' alt='icon'  alt='' loading='lazy'\/><\/span><div class='sca-stepper__title'>Entreprise et \u00e9quipe<\/div><\/a><\/li><li class='sca-stepper__item js-stepper-item ' id=''><a href='https:\/\/anima-care.fr\/veterinaire\/qui-sommes-nous\/tracabilite-du-parcours-funeraire\/' ><span class='icon'><img src='https:\/\/anima-care.fr\/app\/uploads\/sites\/2\/2023\/01\/lo.png' alt='icon'  alt='' loading='lazy'\/><\/span><div class='sca-stepper__title'>Tra\u00e7abilit\u00e9 innovante<\/div><\/a><\/li><li class='sca-stepper__item js-stepper-item ' id=''><a href='https:\/\/anima-care.fr\/veterinaire\/qui-sommes-nous\/valeurs-et-engagements\/' ><span class='icon'><img src='https:\/\/anima-care.fr\/app\/uploads\/sites\/2\/2023\/01\/heart.png' alt='icon'  alt='' loading='lazy'\/><\/span><div class='sca-stepper__title'>Valeurs<\/div><\/a><\/li><li class='sca-stepper__item js-stepper-item ' id=''><a href='https:\/\/anima-care.fr\/veterinaire\/qui-sommes-nous\/actions-rse\/' ><span class='icon'><img src='https:\/\/anima-care.fr\/app\/uploads\/sites\/2\/2023\/01\/image-150x150.png' alt='icon'  alt='' loading='lazy'\/><\/span><div class='sca-stepper__title'>Actions RSE<\/div><\/a><\/li>\r\n            <\/ol>\r\n        <\/section>\r\n    \n\n\n<section data-tag=\"\" class=\"container container--white box--border border--shadow  raz-pt    \n        \n        \">\r\n        <section class='container__sm     '>\r\n            <div data-visible='' class='row row__container    justify-content__center  gutter-x__ gutter-y__ js-row'>\r\n    <section class='title__subtitle-container' aria-label='Anima Care et ses \u00e9quipes'><h1 class='font-size__giga font-weight__bold font-alignment__center font-familly__urban font-color__ margin-bottom__base  margin-bottom-xs__base ' style='line-height:39px;'>Anima Care et ses \u00e9quipes<\/h1><div class='font-size__deca font-weight__medium font-alignment__center font-familly__gotham font-color__ title__subtitle-subtitle description' style='line-height:25px;'>Expert du fun\u00e9raire animalier aupr\u00e8s des professionnels du secteur v\u00e9t\u00e9rinaire et des familles\u2026 Anima Care ambitionne d\u2019\u00ab humaniser \u00bb le parcours de fin de vie des animaux de compagnie. Les \u00e9quipes d\u00e9veloppent, pour ce faire, des services et des prestations de qualit\u00e9, respectueux de l\u2019animal.<\/div><\/section>\r\n            <\/div>\r\n        <\/section>\r\n    \n\n\r\n        <section class='     '>\r\n            <div data-visible='' class='row row__container    justify-content__center  gutter-x__3 gutter-y__ js-row'>\r\n    <div class='col col-md-12 col-xs-12  sca-content' ><div class='sca-content__content order-1' ><h2 class='font-size__mega font-weight__medium font-alignment__center font-familly__urban font-color__ margin-bottom__base  margin-bottom-xs__base  title' style=''>L\u2019histoire d\u2019Anima Care<\/h2><p class='font-size__base font-weight__regular font-alignment__inherit font-familly__gotham font-color__ margin-bottom__base   description__noSpace' style='line-height:22px;'>Docteur v\u00e9t\u00e9rinaire, Vincent Datt\u00e9e fonde la soci\u00e9t\u00e9 Anima Care en avril 2018. L\u2019objectif est alors d\u2019enrichir les pratiques v\u00e9t\u00e9rinaires li\u00e9es \u00e0 la gestion de la fin de vie des animaux familiers.<br><br>En 2022, la soci\u00e9t\u00e9 Anima Care rejoint Funecap afin de s\u2019adosser \u00e0 son savoir-faire et de d\u00e9ployer un service fun\u00e9raire animalier de qualit\u00e9, respectueux du lien qui unit la famille et son animal de compagnie. Les \u00e9quipes d\u2019Anima Care s\u2019engagent, au quotidien, dans une d\u00e9marche en faveur du respect de l\u2019animal et de son corps.<\/p><\/div><\/div>\r\n            <\/div>\r\n        <\/section>\r\n    \n\n\r\n        <section class='     '>\r\n            <div data-visible='' class='row row__container    justify-content__center  gutter-x__2 gutter-y__ js-row'>\r\n    <div class='col col-md-12 col-xs-12  '><div class='col col-md-12 col-xs-12  sca-content' ><div class='sca-content__content order-2' ><h2 class='font-size__mega font-weight__medium font-alignment__left font-familly__urban font-color__primary-medium margin-bottom__base  margin-bottom-xs__base  title' style='line-height:33px;'>Les \u00e9quipes Anima Care<\/h2><p class='font-size__deca font-weight__medium font-alignment__left font-familly__gotham font-color__ margin-bottom__base   description__noSpace' style='line-height:25px;'>Anima Care s\u2019appuie sur des femmes et des hommes au savoir-faire reconnu, engag\u00e9s en faveur de la cause animale.<\/p><\/div><\/div><\/div><div class='col col-md-12 col-xs-12  sca-content' ><div class='sca-content__content order-2' ><h3 class='font-size__hecto font-weight__medium font-alignment__left font-familly__gotham font-color__primary-medium margin-bottom__milli  margin-bottom-xs__milli  title' style='line-height:28px;'>Les \u00e9quipes des cr\u00e9matoriums pour animaux<\/h3><p class='font-size__base font-weight__regular font-alignment__left font-familly__gotham font-color__ margin-bottom__base   description__noSpace' style='line-height:22px;'>Pour chacun des cr\u00e9matoriums pour animaux, l\u2019\u00e9quipe compte un directeur, des agents fun\u00e9raires, des cr\u00e9matistes et des agents de prise en charge des animaux.<\/p><\/div><\/div><div class='col col-md-12 col-xs-12  sca-content' ><div class='sca-content__content order-2' ><h4 class='font-size__deca font-weight__regular font-alignment__inherit font-familly__gotham font-color__primary-medium margin-bottom__base  margin-bottom-xs__base  title' style=''>Un personnel form\u00e9 et habilit\u00e9<\/h4><p class='font-size__base font-weight__regular font-alignment__inherit font-familly__gotham font-color__ margin-bottom__base   description__noSpace' style=''>Pour Anima Care, la qualit\u00e9 de service n\u2019est pas un vague concept ou une promesse en l\u2019air. Les membres du personnel sont form\u00e9s au m\u00e9tier du fun\u00e9raire et au fonctionnement d\u2019un \u00e9tablissement v\u00e9t\u00e9rinaire. Ils sont ainsi les interlocuteurs privil\u00e9gi\u00e9s des v\u00e9t\u00e9rinaires et des familles. <\/p><\/div><\/div>\r\n            <\/div>\r\n        <\/section>\r\n    \n\n<section class='title__subtitle-container' aria-label='Un comit\u00e9 professionnel'><h2 class='font-size__mega font-weight__medium font-alignment__center font-familly__urban font-color__primary-medium margin-bottom__milli  margin-bottom-xs__milli title__subtitle-title' style=''>Un comit\u00e9 professionnel<\/h2><\/section>\n\n\r\n        <section class='     '>\r\n            <div data-visible='' class='row    justify-content__center  gutter-x__2 gutter-y__ js-row'>\r\n    <div class='col col-md-6 col-xs-12  '><div class='col col-md-12 col-xs-12  sca-content' ><div class='sca-content__content order-2' ><p class='font-size__base font-weight__regular font-alignment__inherit font-familly__gotham font-color__ margin-bottom__base   description__noSpace' style='line-height:20px;'>Afin d\u2019\u00eatre \u00e0 l\u2019\u00e9coute des familles et des v\u00e9t\u00e9rinaires, Anima Care a cr\u00e9\u00e9 un comit\u00e9 professionnel paritaire destin\u00e9 \u00e0 garantir l\u2019\u00e9thique et la pertinence des orientations de l\u2019entreprise.<br>Il est consult\u00e9 plusieurs fois par an sur les orientations \u00e9thiques et strat\u00e9giques.<br><br>Ce comit\u00e9 ind\u00e9pendant se compose de :<\/p><\/div><\/div>\n<ul class=\"list__ul font-color__primary\">\n<li>V\u00e9t\u00e9rinaires praticiens ind\u00e9pendants et de v\u00e9t\u00e9rinaires salari\u00e9s g\u00e9n\u00e9ralistes et urgentistes<\/li>\n\n\n\n<li>Repr\u00e9sentants de groupe de cliniques et des instances professionnelles (ordre des v\u00e9t\u00e9rinaires et syndicat)<\/li>\n\n\n\n<li>Managers de clinique<\/li>\n\n\n\n<li>Auxiliaires sp\u00e9cialis\u00e9s v\u00e9t\u00e9rinaires<\/li>\n\n\n\n<li>Professionnels du fun\u00e9raire<\/li>\n<\/ul>\n<\/div><div class='col col-md-4 col-xs-12  sca-content' ><div class='order-1 image-radius__md sca-content__image' style='max-height:196px; '><img style='max-height:196px; ' src='https:\/\/anima-care.fr\/app\/uploads\/sites\/2\/2023\/12\/equipe.png' class='image-radius__md img' \/><\/div><\/div>\r\n            <\/div>\r\n        <\/section>\r\n    \n\n\n<h3 class=\"wp-block-heading has-text-align-center\">Plus d&rsquo;informations&nbsp;?<\/h3>\n\n\n\n<div class=\"wp-block-funecap-sca-sca-button aligncenter\"><a href=\"https:\/\/anima-care.fr\/veterinaire\/contact\/\" class=\"rf-btn--primary\">Contacter Anima Care<i class=\"fa-duotone fa-envelope\"><\/i><\/a><\/div>\n\n\n\n<section class=\"separator--sm  \"><\/section>\n<\/section>\n","protected":false},"excerpt":{"rendered":"","protected":false},"author":1,"featured_media":4099,"parent":1151,"menu_order":0,"comment_status":"closed","ping_status":"closed","template":"","meta":[],"acf":[],"yoast_head":"<!-- This site is optimized with the Yoast SEO plugin v20.12 - https:\/\/yoast.com\/wordpress\/plugins\/seo\/ -->\n<title>Anima Care et ses \u00e9quipes \u2013 Soci\u00e9t\u00e9 de cr\u00e9mation pour animaux<\/title>\n<meta name=\"description\" content=\"D\u00e9couvrir l\u2019histoire d\u2019Anima Care : soci\u00e9t\u00e9 de cr\u00e9mation pour animaux de compagnie (services d\u2019incin\u00e9ration chien, chat, NAC\u2026) \u2705 Anima Care\" \/>\n<meta name=\"robots\" content=\"index, follow, max-snippet:-1, max-image-preview:large, max-video-preview:-1\" \/>\n<link rel=\"canonical\" href=\"https:\/\/anima-care.fr\/veterinaire\/qui-sommes-nous\/anima-care-et-ses-equipes\/\" \/>\n<meta property=\"og:locale\" content=\"fr_FR\" \/>\n<meta property=\"og:type\" content=\"article\" \/>\n<meta property=\"og:title\" content=\"Anima Care et ses \u00e9quipes \u2013 Soci\u00e9t\u00e9 de cr\u00e9mation pour animaux\" \/>\n<meta property=\"og:description\" content=\"D\u00e9couvrir l\u2019histoire d\u2019Anima Care : soci\u00e9t\u00e9 de cr\u00e9mation pour animaux de compagnie (services d\u2019incin\u00e9ration chien, chat, NAC\u2026) \u2705 Anima Care\" \/>\n<meta property=\"og:url\" content=\"https:\/\/anima-care.fr\/veterinaire\/qui-sommes-nous\/anima-care-et-ses-equipes\/\" \/>\n<meta property=\"og:site_name\" content=\"Anima Care Pro\" \/>\n<meta property=\"article:modified_time\" content=\"2026-02-13T14:42:37+00:00\" \/>\n<meta property=\"og:image\" content=\"https:\/\/anima-care.fr\/app\/uploads\/sites\/2\/2023\/01\/femme_vivre_lapres-1.jpg\" \/>\n\t<meta property=\"og:image:width\" content=\"1440\" \/>\n\t<meta property=\"og:image:height\" content=\"1172\" \/>\n\t<meta property=\"og:image:type\" content=\"image\/jpeg\" \/>\n<meta name=\"twitter:card\" content=\"summary_large_image\" \/>\n<meta name=\"twitter:label1\" content=\"Dur\u00e9e de lecture estim\u00e9e\" \/>\n\t<meta name=\"twitter:data1\" content=\"1 minute\" \/>\n<script type=\"application\/ld+json\" class=\"yoast-schema-graph\">{\"@context\":\"https:\/\/schema.org\",\"@graph\":[{\"@type\":\"WebPage\",\"@id\":\"https:\/\/anima-care.fr\/veterinaire\/qui-sommes-nous\/anima-care-et-ses-equipes\/\",\"url\":\"https:\/\/anima-care.fr\/veterinaire\/qui-sommes-nous\/anima-care-et-ses-equipes\/\",\"name\":\"Anima Care et ses \u00e9quipes \u2013 Soci\u00e9t\u00e9 de cr\u00e9mation pour animaux\",\"isPartOf\":{\"@id\":\"https:\/\/anima-care.fr\/veterinaire\/#website\"},\"datePublished\":\"2023-01-16T12:28:26+00:00\",\"dateModified\":\"2026-02-13T14:42:37+00:00\",\"description\":\"D\u00e9couvrir l\u2019histoire d\u2019Anima Care : soci\u00e9t\u00e9 de cr\u00e9mation pour animaux de compagnie (services d\u2019incin\u00e9ration chien, chat, NAC\u2026) \u2705 Anima Care\",\"breadcrumb\":{\"@id\":\"https:\/\/anima-care.fr\/veterinaire\/qui-sommes-nous\/anima-care-et-ses-equipes\/#breadcrumb\"},\"inLanguage\":\"fr-FR\",\"potentialAction\":[{\"@type\":\"ReadAction\",\"target\":[\"https:\/\/anima-care.fr\/veterinaire\/qui-sommes-nous\/anima-care-et-ses-equipes\/\"]}]},{\"@type\":\"BreadcrumbList\",\"@id\":\"https:\/\/anima-care.fr\/veterinaire\/qui-sommes-nous\/anima-care-et-ses-equipes\/#breadcrumb\",\"itemListElement\":[{\"@type\":\"ListItem\",\"position\":1,\"name\":\"Home\",\"item\":\"https:\/\/anima-care.fr\/veterinaire\"},{\"@type\":\"ListItem\",\"position\":2,\"name\":\"Qui sommes nous ?\",\"item\":\"https:\/\/anima-care.fr\/veterinaire\/qui-sommes-nous\/\"},{\"@type\":\"ListItem\",\"position\":3,\"name\":\"L\u2019entreprise et l\u2019\u00e9quipe\"}]},{\"@type\":\"WebSite\",\"@id\":\"https:\/\/anima-care.fr\/veterinaire\/#website\",\"url\":\"https:\/\/anima-care.fr\/veterinaire\/\",\"name\":\"Anima Care Pro\",\"description\":\"\",\"publisher\":{\"@id\":\"https:\/\/anima-care.fr\/veterinaire\/#organization\"},\"potentialAction\":[{\"@type\":\"SearchAction\",\"target\":{\"@type\":\"EntryPoint\",\"urlTemplate\":\"https:\/\/anima-care.fr\/veterinaire\/?s={search_term_string}\"},\"query-input\":\"required name=search_term_string\"}],\"inLanguage\":\"fr-FR\"},{\"@type\":\"Organization\",\"@id\":\"https:\/\/anima-care.fr\/veterinaire\/#organization\",\"name\":\"Anima Care Pro\",\"url\":\"https:\/\/anima-care.fr\/veterinaire\/\",\"logo\":{\"@type\":\"ImageObject\",\"inLanguage\":\"fr-FR\",\"@id\":\"https:\/\/anima-care.fr\/veterinaire\/#\/schema\/logo\/image\/\",\"url\":\"https:\/\/anima-care.fr\/app\/uploads\/sites\/2\/2023\/07\/logo-animacare.svg\",\"contentUrl\":\"https:\/\/anima-care.fr\/app\/uploads\/sites\/2\/2023\/07\/logo-animacare.svg\",\"width\":235,\"height\":99,\"caption\":\"Anima Care Pro\"},\"image\":{\"@id\":\"https:\/\/anima-care.fr\/veterinaire\/#\/schema\/logo\/image\/\"}}]}<\/script>\n<!-- \/ Yoast SEO plugin. -->","yoast_head_json":{"title":"Anima Care et ses \u00e9quipes \u2013 Soci\u00e9t\u00e9 de cr\u00e9mation pour animaux","description":"D\u00e9couvrir l\u2019histoire d\u2019Anima Care : soci\u00e9t\u00e9 de cr\u00e9mation pour animaux de compagnie (services d\u2019incin\u00e9ration chien, chat, NAC\u2026) \u2705 Anima Care","robots":{"index":"index","follow":"follow","max-snippet":"max-snippet:-1","max-image-preview":"max-image-preview:large","max-video-preview":"max-video-preview:-1"},"canonical":"https:\/\/anima-care.fr\/veterinaire\/qui-sommes-nous\/anima-care-et-ses-equipes\/","og_locale":"fr_FR","og_type":"article","og_title":"Anima Care et ses \u00e9quipes \u2013 Soci\u00e9t\u00e9 de cr\u00e9mation pour animaux","og_description":"D\u00e9couvrir l\u2019histoire d\u2019Anima Care : soci\u00e9t\u00e9 de cr\u00e9mation pour animaux de compagnie (services d\u2019incin\u00e9ration chien, chat, NAC\u2026) \u2705 Anima Care","og_url":"https:\/\/anima-care.fr\/veterinaire\/qui-sommes-nous\/anima-care-et-ses-equipes\/","og_site_name":"Anima Care Pro","article_modified_time":"2026-02-13T14:42:37+00:00","og_image":[{"width":1440,"height":1172,"url":"https:\/\/anima-care.fr\/app\/uploads\/sites\/2\/2023\/01\/femme_vivre_lapres-1.jpg","type":"image\/jpeg"}],"twitter_card":"summary_large_image","twitter_misc":{"Dur\u00e9e de lecture estim\u00e9e":"1 minute"},"schema":{"@context":"https:\/\/schema.org","@graph":[{"@type":"WebPage","@id":"https:\/\/anima-care.fr\/veterinaire\/qui-sommes-nous\/anima-care-et-ses-equipes\/","url":"https:\/\/anima-care.fr\/veterinaire\/qui-sommes-nous\/anima-care-et-ses-equipes\/","name":"Anima Care et ses \u00e9quipes \u2013 Soci\u00e9t\u00e9 de cr\u00e9mation pour animaux","isPartOf":{"@id":"https:\/\/anima-care.fr\/veterinaire\/#website"},"datePublished":"2023-01-16T12:28:26+00:00","dateModified":"2026-02-13T14:42:37+00:00","description":"D\u00e9couvrir l\u2019histoire d\u2019Anima Care : soci\u00e9t\u00e9 de cr\u00e9mation pour animaux de compagnie (services d\u2019incin\u00e9ration chien, chat, NAC\u2026) \u2705 Anima Care","breadcrumb":{"@id":"https:\/\/anima-care.fr\/veterinaire\/qui-sommes-nous\/anima-care-et-ses-equipes\/#breadcrumb"},"inLanguage":"fr-FR","potentialAction":[{"@type":"ReadAction","target":["https:\/\/anima-care.fr\/veterinaire\/qui-sommes-nous\/anima-care-et-ses-equipes\/"]}]},{"@type":"BreadcrumbList","@id":"https:\/\/anima-care.fr\/veterinaire\/qui-sommes-nous\/anima-care-et-ses-equipes\/#breadcrumb","itemListElement":[{"@type":"ListItem","position":1,"name":"Home","item":"https:\/\/anima-care.fr\/veterinaire"},{"@type":"ListItem","position":2,"name":"Qui sommes nous ?","item":"https:\/\/anima-care.fr\/veterinaire\/qui-sommes-nous\/"},{"@type":"ListItem","position":3,"name":"L\u2019entreprise et l\u2019\u00e9quipe"}]},{"@type":"WebSite","@id":"https:\/\/anima-care.fr\/veterinaire\/#website","url":"https:\/\/anima-care.fr\/veterinaire\/","name":"Anima Care Pro","description":"","publisher":{"@id":"https:\/\/anima-care.fr\/veterinaire\/#organization"},"potentialAction":[{"@type":"SearchAction","target":{"@type":"EntryPoint","urlTemplate":"https:\/\/anima-care.fr\/veterinaire\/?s={search_term_string}"},"query-input":"required name=search_term_string"}],"inLanguage":"fr-FR"},{"@type":"Organization","@id":"https:\/\/anima-care.fr\/veterinaire\/#organization","name":"Anima Care Pro","url":"https:\/\/anima-care.fr\/veterinaire\/","logo":{"@type":"ImageObject","inLanguage":"fr-FR","@id":"https:\/\/anima-care.fr\/veterinaire\/#\/schema\/logo\/image\/","url":"https:\/\/anima-care.fr\/app\/uploads\/sites\/2\/2023\/07\/logo-animacare.svg","contentUrl":"https:\/\/anima-care.fr\/app\/uploads\/sites\/2\/2023\/07\/logo-animacare.svg","width":235,"height":99,"caption":"Anima Care Pro"},"image":{"@id":"https:\/\/anima-care.fr\/veterinaire\/#\/schema\/logo\/image\/"}}]}},"_links":{"self":[{"href":"https:\/\/anima-care.fr\/veterinaire\/wp-json\/wp\/v2\/pages\/1223"}],"collection":[{"href":"https:\/\/anima-care.fr\/veterinaire\/wp-json\/wp\/v2\/pages"}],"about":[{"href":"https:\/\/anima-care.fr\/veterinaire\/wp-json\/wp\/v2\/types\/page"}],"author":[{"embeddable":true,"href":"https:\/\/anima-care.fr\/veterinaire\/wp-json\/wp\/v2\/users\/1"}],"replies":[{"embeddable":true,"href":"https:\/\/anima-care.fr\/veterinaire\/wp-json\/wp\/v2\/comments?post=1223"}],"version-history":[{"count":13,"href":"https:\/\/anima-care.fr\/veterinaire\/wp-json\/wp\/v2\/pages\/1223\/revisions"}],"predecessor-version":[{"id":8837,"href":"https:\/\/anima-care.fr\/veterinaire\/wp-json\/wp\/v2\/pages\/1223\/revisions\/8837"}],"up":[{"embeddable":true,"href":"https:\/\/anima-care.fr\/veterinaire\/wp-json\/wp\/v2\/pages\/1151"}],"wp:featuredmedia":[{"embeddable":true,"href":"https:\/\/anima-care.fr\/veterinaire\/wp-json\/wp\/v2\/media\/4099"}],"wp:attachment":[{"href":"https:\/\/anima-care.fr\/veterinaire\/wp-json\/wp\/v2\/media?parent=1223"}],"curies":[{"name":"wp","href":"https:\/\/api.w.org\/{rel}","templated":true}]}}